{"id":324,"date":"2021-02-15T16:39:50","date_gmt":"2021-02-15T14:39:50","guid":{"rendered":"https:\/\/taksimestari.fi\/rauma\/?page_id=324"},"modified":"2022-06-22T21:01:01","modified_gmt":"2022-06-22T18:01:01","slug":"hinnasto","status":"publish","type":"page","link":"https:\/\/taksimestari.fi\/rauma\/hinnasto","title":{"rendered":"Hinnasto"},"content":{"rendered":"[vc_row type=&#8221;full_width_background&#8221; full_screen_row_position=&#8221;middle&#8221; column_margin=&#8221;default&#8221; column_direction=&#8221;default&#8221; column_direction_tablet=&#8221;default&#8221; column_direction_phone=&#8221;default&#8221; bg_color=&#8221;#ffffff&#8221; bg_image=&#8221;669&#8243; bg_position=&#8221;center center&#8221; bg_repeat=&#8221;no-repeat&#8221; scene_position=&#8221;center&#8221; top_padding=&#8221;10%&#8221; bottom_padding=&#8221;7%&#8221; text_color=&#8221;dark&#8221; text_align=&#8221;left&#8221; row_border_radius=&#8221;none&#8221; row_border_radius_applies=&#8221;bg&#8221; enable_gradient=&#8221;true&#8221; color_overlay=&#8221;#000a2b&#8221; overlay_strength=&#8221;1&#8243; gradient_direction=&#8221;left_to_right&#8221; shape_divider_position=&#8221;bottom&#8221; bg_image_animation=&#8221;none&#8221; shape_type=&#8221;&#8221;][vc_column column_padding=&#8221;no-extra-padding&#8221; column_padding_tablet=&#8221;inherit&#8221; column_padding_phone=&#8221;inherit&#8221; column_padding_position=&#8221;all&#8221; background_color_opacity=&#8221;1&#8243; background_hover_color_opacity=&#8221;1&#8243; column_shadow=&#8221;none&#8221; column_border_radius=&#8221;none&#8221; column_link_target=&#8221;_self&#8221; gradient_direction=&#8221;left_to_right&#8221; overlay_strength=&#8221;0.3&#8243; width=&#8221;1\/1&#8243; tablet_width_inherit=&#8221;default&#8221; tablet_text_alignment=&#8221;default&#8221; phone_text_alignment=&#8221;default&#8221; column_border_width=&#8221;none&#8221; column_border_style=&#8221;solid&#8221; bg_image_animation=&#8221;none&#8221;][vc_custom_heading text=&#8221;Hinnasto&#8221; font_container=&#8221;tag:h1|text_align:left|color:%23ffffff&#8221; use_theme_fonts=&#8221;yes&#8221;][vc_custom_heading text=&#8221;0100 4560&#8243; font_container=&#8221;tag:h1|text_align:left|color:%23ffde00&#8243; use_theme_fonts=&#8221;yes&#8221;][vc_custom_heading text=&#8221;MA-PE KLO 7-17&#8243; font_container=&#8221;tag:h3|text_align:left|color:%23ffffff&#8221; use_theme_fonts=&#8221;yes&#8221;][vc_custom_heading text=&#8221;(1,50 \u20ac\/puhelu + pvm\/mpm)&#8221; font_container=&#8221;tag:h4|text_align:left|color:%23ffffff&#8221; use_theme_fonts=&#8221;yes&#8221;][vc_custom_heading text=&#8221;MUINA AIKOINA PALVELEMME ENNAKKOTILAUKSELLA.&#8221; font_container=&#8221;tag:h3|text_align:left|color:%23ffde00&#8243; use_theme_fonts=&#8221;yes&#8221;][vc_custom_heading text=&#8221;Tee tilaus v\u00e4hint\u00e4\u00e4n 24h ennen matkaa.&#8221; font_container=&#8221;tag:h3|text_align:left|color:%23ffde00&#8243; use_theme_fonts=&#8221;yes&#8221;][nectar_btn size=&#8221;large&#8221; button_style=&#8221;regular&#8221; button_color_2=&#8221;Extra-Color-1&#8243; solid_text_color_override=&#8221;#293a73&#8243; icon_family=&#8221;default_arrow&#8221; text=&#8221;Tee ennakkotilaus&#8221; url=&#8221;\/rauma\/ota-yhteytta&#8221; margin_top=&#8221;30&#8243; margin_right=&#8221;20&#8243;][\/vc_column][\/vc_row][vc_row type=&#8221;full_width_background&#8221; full_screen_row_position=&#8221;middle&#8221; column_margin=&#8221;default&#8221; column_direction=&#8221;default&#8221; column_direction_tablet=&#8221;default&#8221; column_direction_phone=&#8221;default&#8221; scene_position=&#8221;center&#8221; top_padding=&#8221;7%&#8221; constrain_group_1=&#8221;yes&#8221; bottom_padding=&#8221;7%&#8221; text_color=&#8221;custom&#8221; custom_text_color=&#8221;#293a73&#8243; text_align=&#8221;left&#8221; row_border_radius=&#8221;none&#8221; row_border_radius_applies=&#8221;bg&#8221; overlay_strength=&#8221;0.5&#8243; gradient_direction=&#8221;left_to_right&#8221; shape_divider_position=&#8221;bottom&#8221; bg_image_animation=&#8221;none&#8221; shape_type=&#8221;&#8221;][vc_column column_padding=&#8221;no-extra-padding&#8221; column_padding_tablet=&#8221;inherit&#8221; column_padding_phone=&#8221;inherit&#8221; column_padding_position=&#8221;all&#8221; background_color_opacity=&#8221;1&#8243; background_hover_color_opacity=&#8221;1&#8243; column_shadow=&#8221;none&#8221; column_border_radius=&#8221;none&#8221; column_link_target=&#8221;_self&#8221; gradient_direction=&#8221;left_to_right&#8221; overlay_strength=&#8221;0.3&#8243; width=&#8221;1\/2&#8243; tablet_width_inherit=&#8221;default&#8221; tablet_text_alignment=&#8221;default&#8221; phone_text_alignment=&#8221;default&#8221; column_border_width=&#8221;none&#8221; column_border_style=&#8221;solid&#8221; bg_image_animation=&#8221;none&#8221;][vc_custom_heading text=&#8221;Taksihinnasto&#8221; font_container=&#8221;tag:h2|text_align:left|color:%23293a73&#8243; use_theme_fonts=&#8221;yes&#8221;][divider line_type=&#8221;No Line&#8221; custom_height=&#8221;20&#8243;][vc_column_text]Matkan kokonaishinta muodostuu aloitusmaksusta sek\u00e4 kuljetusta matkasta ja siihen k\u00e4ytetyst\u00e4 ajasta.[\/vc_column_text][vc_column_text]\n<table dir=\"ltr\" style=\"width: 90.7091%;\" border=\"1\" cellspacing=\"0\" cellpadding=\"0\">\n<colgroup>\n<col width=\"202\" \/>\n<col width=\"368\" \/>\n<col width=\"174\" \/><\/colgroup>\n<tbody>\n<tr>\n<td style=\"width: 21.9219%;\" data-sheets-value=\"{&quot;1&quot;:2,&quot;2&quot;:&quot;Soittohinnat&quot;}\"><strong>Soiton hinta<\/strong><\/td>\n<td style=\"width: 50.7322%;\" data-sheets-value=\"{&quot;1&quot;:2,&quot;2&quot;:&quot;0100 4560 &quot;}\">0100 4560<\/td>\n<td style=\"width: 35.2327%;\" data-sheets-value=\"{&quot;1&quot;:2,&quot;2&quot;:&quot;1,50 e\/puhelu + pvm\/mpm&quot;}\">1,50 e\/puhelu + pvm\/mpm<\/td>\n<\/tr>\n<tr>\n<td style=\"width: 21.9219%;\" data-sheets-value=\"{&quot;1&quot;:2,&quot;2&quot;:&quot;Ennakkotilausmaksu&quot;}\"><strong>Ennakkotilaus<\/strong><\/td>\n<td style=\"width: 50.7322%;\" data-sheets-value=\"{&quot;1&quot;:2,&quot;2&quot;:&quot;kun kyyti tilattu v\u00e4h. 24h etuk\u00e4teen tai kun matka on yli 25 km&quot;}\">Taksimestari ei veloita ennakkotilausmaksua<\/td>\n<td style=\"width: 35.2327%;\" data-sheets-value=\"{&quot;1&quot;:3,&quot;3&quot;:0}\" data-sheets-numberformat=\"[null,2,&quot;#,##0\\&quot;\u20ac\\&quot;&quot;,1]\"><\/td>\n<\/tr>\n<tr>\n<td style=\"width: 21.9219%;\"><strong>Aloitusmaksu<\/strong><\/td>\n<td style=\"width: 50.7322%;\" data-sheets-value=\"{&quot;1&quot;:2,&quot;2&quot;:&quot;ma-pe klo 6-22 &quot;}\">ma-pe klo 6-20<\/td>\n<td style=\"width: 35.2327%;\" data-sheets-value=\"{&quot;1&quot;:3,&quot;3&quot;:4.9}\" data-sheets-numberformat=\"[null,2,&quot;#,##0.00\\&quot;\u20ac\\&quot;&quot;,1]\">4,90\u20ac<\/td>\n<\/tr>\n<tr>\n<td style=\"width: 21.9219%;\"><\/td>\n<td style=\"width: 50.7322%;\" data-sheets-value=\"{&quot;1&quot;:2,&quot;2&quot;:&quot;la ja aatot klo 6-16&quot;}\">la ja aatot klo 6-16<\/td>\n<td style=\"width: 35.2327%;\" data-sheets-value=\"{&quot;1&quot;:3,&quot;3&quot;:4.9}\" data-sheets-numberformat=\"[null,2,&quot;#,##0.00\\&quot;\u20ac\\&quot;&quot;,1]\">4,90\u20ac<\/td>\n<\/tr>\n<tr>\n<td style=\"width: 21.9219%;\"><\/td>\n<td style=\"width: 50.7322%;\" data-sheets-value=\"{&quot;1&quot;:2,&quot;2&quot;:&quot;muina aikoina &quot;}\">muina aikoina<\/td>\n<td style=\"width: 35.2327%;\" data-sheets-value=\"{&quot;1&quot;:3,&quot;3&quot;:7.9}\" data-sheets-numberformat=\"[null,2,&quot;#,##0.00\\&quot;\u20ac\\&quot;&quot;,1]\">8,90\u20ac<\/td>\n<\/tr>\n<tr>\n<td style=\"width: 21.9219%;\" data-sheets-value=\"{&quot;1&quot;:2,&quot;2&quot;:&quot;Aikaveloitus&quot;}\"><strong>Aikaveloitus<\/strong><\/td>\n<td style=\"width: 50.7322%;\"><\/td>\n<td style=\"width: 35.2327%;\" data-sheets-value=\"{&quot;1&quot;:2,&quot;2&quot;:&quot;0,79 e\/min&quot;}\">0,99 e\/min<\/td>\n<\/tr>\n<tr>\n<td style=\"width: 21.9219%;\" data-sheets-value=\"{&quot;1&quot;:2,&quot;2&quot;:&quot;Kilometriveloitus&quot;}\"><strong>Kilometriveloitus<\/strong><\/td>\n<td style=\"width: 50.7322%;\" data-sheets-value=\"{&quot;1&quot;:2,&quot;2&quot;:&quot;1-4 hl\u00f6&quot;}\">1-4 hl\u00f6<\/td>\n<td style=\"width: 35.2327%;\" data-sheets-value=\"{&quot;1&quot;:2,&quot;2&quot;:&quot;1,29 \u20ac\/km&quot;}\">1,49 \u20ac\/km<\/td>\n<\/tr>\n<tr>\n<td style=\"width: 21.9219%;\"><\/td>\n<td style=\"width: 50.7322%;\" data-sheets-value=\"{&quot;1&quot;:2,&quot;2&quot;:&quot;5-8 hl\u00f6 (tilataksi)&quot;}\">5-6 hl\u00f6 (tilataksi)<\/td>\n<td style=\"width: 35.2327%;\" data-sheets-value=\"{&quot;1&quot;:2,&quot;2&quot;:&quot;1,69 \u20ac\/km&quot;}\">1,89 \u20ac\/km<\/td>\n<\/tr>\n<tr>\n<td style=\"width: 21.9219%;\" data-sheets-value=\"{&quot;1&quot;:2,&quot;2&quot;:&quot;Avustamislis\u00e4&quot;}\"><strong>Avustamislis\u00e4<\/strong><\/td>\n<td style=\"width: 50.7322%;\" data-sheets-value=\"{&quot;1&quot;:2,&quot;2&quot;:&quot;Perit\u00e4\u00e4n, jos kuljetukseen tarvitaan esteet\u00f6nt\u00e4 invataksia ja kuljettaja avustaa asiakkaan autoon ja pois. &quot;}\">Voidaan peri\u00e4, jos asiakas tarvitsee avustamista noutokohteesta autoon tai kuljetuksen p\u00e4\u00e4tepisteess\u00e4 autosta sis\u00e4tilaan ja kuljettaminen edellytt\u00e4\u00e4 autoa, joka t\u00e4ytt\u00e4\u00e4 kaluston esteett\u00f6myytt\u00e4 koskevat vaatimukset.<\/td>\n<td style=\"width: 35.2327%;\" data-sheets-value=\"{&quot;1&quot;:3,&quot;3&quot;:15.9}\" data-sheets-numberformat=\"[null,2,&quot;#,##0.00\\&quot;\u20ac\\&quot;&quot;,1]\">15,90\u20ac<\/td>\n<\/tr>\n<tr>\n<td colspan=\"3\" data-sheets-value=\"{&quot;1&quot;:2,&quot;2&quot;:&quot;Hinnasto voimassa Taksimestarin numeroista, s\u00e4hk\u00f6postilla ja nettilomakkeella tehdyill\u00e4 matkoilla. &quot;}\"><span style=\"font-weight: 400;\">Hinnasto voimassa Taksimestarin puhelinnumeroista, s\u00e4hk\u00f6postilla ja nettilomakkeen kautta tilatuilla matkoilla. Jos matka laskutetaan j\u00e4lkik\u00e4teen, matkan hintaan lis\u00e4t\u00e4\u00e4n 7 \u20ac laskutuslis\u00e4.<\/span><\/td>\n<\/tr>\n<\/tbody>\n<\/table>\n[\/vc_column_text][nectar_btn size=&#8221;large&#8221; button_style=&#8221;regular&#8221; button_color_2=&#8221;Extra-Color-1&#8243; solid_text_color_override=&#8221;#293a73&#8243; icon_family=&#8221;default_arrow&#8221; text=&#8221;Tee ennakkotilaus&#8221; url=&#8221;\/rauma\/ota-yhteytta&#8221; margin_right=&#8221;20&#8243; margin_bottom=&#8221;20&#8243;][vc_column_text]Klikkaa karttaa, niin voit arvioida matkan ja ajan Google Mapsilla.[\/vc_column_text][vc_raw_html]JTNDaWZyYW1lJTIwc3JjJTNEJTIyaHR0cHMlM0ElMkYlMkZ3d3cuZ29vZ2xlLmNvbSUyRm1hcHMlMkZlbWJlZCUzRnBiJTNEJTIxMW0xOCUyMTFtMTIlMjExbTMlMjExZDM4NzUuODY4MDc2MDE2NTczJTIxMmQyMS41MDA1NzU0OTMzNDUxMDclMjEzZDYxLjEyOTMwNzkyNDQxNDkzJTIxMm0zJTIxMWYwJTIxMmYwJTIxM2YwJTIxM20yJTIxMWkxMDI0JTIxMmk3NjglMjE0ZjEzLjElMjEzbTMlMjExbTIlMjExczB4NDY4OTdlMDkzNjVmYTM0MyUyNTNBMHhhYTcyN2Q3OTc0MTkxZGE0JTIxMnNSYXVtYSUyMTVlMCUyMTNtMiUyMTFzZmklMjEyc2ZpJTIxNHYxNjE1MTg1ODI1MDIxJTIxNW0yJTIxMXNmaSUyMTJzZmklMjIlMjB3aWR0aCUzRCUyMjYwMCUyMiUyMGhlaWdodCUzRCUyMjQ1MCUyMiUyMHN0eWxlJTNEJTIyYm9yZGVyJTNBMCUzQiUyMiUyMGFsbG93ZnVsbHNjcmVlbiUzRCUyMiUyMiUyMGxvYWRpbmclM0QlMjJsYXp5JTIyJTNFJTNDJTJGaWZyYW1lJTNF[\/vc_raw_html][\/vc_column][vc_column column_padding=&#8221;no-extra-padding&#8221; column_padding_tablet=&#8221;inherit&#8221; column_padding_phone=&#8221;inherit&#8221; column_padding_position=&#8221;all&#8221; background_color_opacity=&#8221;1&#8243; background_hover_color_opacity=&#8221;1&#8243; column_shadow=&#8221;none&#8221; column_border_radius=&#8221;none&#8221; column_link_target=&#8221;_self&#8221; gradient_direction=&#8221;left_to_right&#8221; overlay_strength=&#8221;0.3&#8243; width=&#8221;1\/2&#8243; tablet_width_inherit=&#8221;default&#8221; tablet_text_alignment=&#8221;default&#8221; phone_text_alignment=&#8221;default&#8221; column_border_width=&#8221;none&#8221; column_border_style=&#8221;solid&#8221; bg_image_animation=&#8221;none&#8221;]\n<div class=\"ccb-main-widget \" id=\"ccb_app_368\" data-calc-id=\"368\"><\/div>\n[vc_column_text]Laskuri antaa suuntaa-antavan arvion matkan hinnasta. Lopullinen hinta m\u00e4\u00e4r\u00e4ytyy tarkan kuljetun matkan ja matkaan k\u00e4ytetyn ajan mukaan. Pidemmille matkoille pyyd\u00e4 tarjous <strong>info@taksimestari.fi<\/strong>.[\/vc_column_text][vc_column_text]Kaikissa Taksimestarin takseissa k\u00e4yv\u00e4t maksuv\u00e4lineen\u00e4 k\u00e4teisen lis\u00e4ksi pankkikortit, Visa Electron ja Maestro -kortit sek\u00e4 yleisimm\u00e4t kansainv\u00e4liset luottokortit, kuten Visa, MasterCard, American Express, Diners Club ja Eurocard. Suosithan\u00a0mahdollisuuksien mukaan korttimaksamista k\u00e4teisen sijaan, kiitos.[\/vc_column_text][\/vc_column][\/vc_row]\n","protected":false},"excerpt":{"rendered":"<p>[vc_row type=&#8221;full_width_background&#8221; full_screen_row_position=&#8221;middle&#8221; column_margin=&#8221;default&#8221; column_direction=&#8221;default&#8221; column_direction_tablet=&#8221;default&#8221; column_direction_phone=&#8221;default&#8221; bg_color=&#8221;#ffffff&#8221; bg_image=&#8221;669&#8243; bg_position=&#8221;center center&#8221; bg_repeat=&#8221;no-repeat&#8221; scene_position=&#8221;center&#8221; top_padding=&#8221;10%&#8221; bottom_padding=&#8221;7%&#8221; text_color=&#8221;dark&#8221; text_align=&#8221;left&#8221; row_border_radius=&#8221;none&#8221; row_border_radius_applies=&#8221;bg&#8221; enable_gradient=&#8221;true&#8221; color_overlay=&#8221;#000a2b&#8221; overlay_strength=&#8221;1&#8243; gradient_direction=&#8221;left_to_right&#8221; shape_divider_position=&#8221;bottom&#8221; bg_image_animation=&#8221;none&#8221; shape_type=&#8221;&#8221;][vc_column column_padding=&#8221;no-extra-padding&#8221; column_padding_tablet=&#8221;inherit&#8221; column_padding_phone=&#8221;inherit&#8221; column_padding_position=&#8221;all&#8221;&#8230;<\/p>\n","protected":false},"author":1,"featured_media":0,"parent":0,"menu_order":0,"comment_status":"closed","ping_status":"closed","template":"","meta":{"footnotes":""},"class_list":["post-324","page","type-page","status-publish"],"yoast_head":"<!-- This site is optimized with the Yoast SEO plugin v27.4 - https:\/\/yoast.com\/product\/yoast-seo-wordpress\/ -->\n<title>Taksihinnasto ja hintalaskuri - Taksimestari Rauma<\/title>\n<meta name=\"description\" content=\"Taksimestarin hintalaskurilla lasket helposti, paljonko taksimatka maksaa. Tutustu hintoihin ja laske hinta-arvio sivuillamme!\" \/>\n<meta name=\"robots\" content=\"index, follow, max-snippet:-1, max-image-preview:large, max-video-preview:-1\" \/>\n<link rel=\"canonical\" href=\"https:\/\/taksimestari.fi\/rauma\/hinnasto\" \/>\n<meta property=\"og:locale\" content=\"fi_FI\" \/>\n<meta property=\"og:type\" content=\"article\" \/>\n<meta property=\"og:title\" content=\"Taksihinnasto ja hintalaskuri - Taksimestari Rauma\" \/>\n<meta property=\"og:description\" content=\"Taksimestarin hintalaskurilla lasket helposti, paljonko taksimatka maksaa. Tutustu hintoihin ja laske hinta-arvio sivuillamme!\" \/>\n<meta property=\"og:url\" content=\"https:\/\/taksimestari.fi\/rauma\/hinnasto\" \/>\n<meta property=\"og:site_name\" content=\"Taksi Rauma\" \/>\n<meta property=\"article:modified_time\" content=\"2022-06-22T18:01:01+00:00\" \/>\n<meta name=\"twitter:card\" content=\"summary_large_image\" \/>\n<meta name=\"twitter:label1\" content=\"Arvioitu lukuaika\" \/>\n\t<meta name=\"twitter:data1\" content=\"2 minuuttia\" \/>\n<script type=\"application\/ld+json\" class=\"yoast-schema-graph\">{\"@context\":\"https:\\\/\\\/schema.org\",\"@graph\":[{\"@type\":\"WebPage\",\"@id\":\"https:\\\/\\\/taksimestari.fi\\\/rauma\\\/hinnasto\",\"url\":\"https:\\\/\\\/taksimestari.fi\\\/rauma\\\/hinnasto\",\"name\":\"Taksihinnasto ja hintalaskuri - Taksimestari Rauma\",\"isPartOf\":{\"@id\":\"https:\\\/\\\/taksimestari.fi\\\/rauma\\\/#website\"},\"datePublished\":\"2021-02-15T14:39:50+00:00\",\"dateModified\":\"2022-06-22T18:01:01+00:00\",\"description\":\"Taksimestarin hintalaskurilla lasket helposti, paljonko taksimatka maksaa. Tutustu hintoihin ja laske hinta-arvio sivuillamme!\",\"breadcrumb\":{\"@id\":\"https:\\\/\\\/taksimestari.fi\\\/rauma\\\/hinnasto#breadcrumb\"},\"inLanguage\":\"fi\",\"potentialAction\":[{\"@type\":\"ReadAction\",\"target\":[\"https:\\\/\\\/taksimestari.fi\\\/rauma\\\/hinnasto\"]}]},{\"@type\":\"BreadcrumbList\",\"@id\":\"https:\\\/\\\/taksimestari.fi\\\/rauma\\\/hinnasto#breadcrumb\",\"itemListElement\":[{\"@type\":\"ListItem\",\"position\":1,\"name\":\"Etusivu\",\"item\":\"https:\\\/\\\/taksimestari.fi\\\/rauma\\\/\"},{\"@type\":\"ListItem\",\"position\":2,\"name\":\"Hinnasto\"}]},{\"@type\":\"WebSite\",\"@id\":\"https:\\\/\\\/taksimestari.fi\\\/rauma\\\/#website\",\"url\":\"https:\\\/\\\/taksimestari.fi\\\/rauma\\\/\",\"name\":\"Taksi Rauma - Taksimestari\",\"description\":\"Taksi Rauma - Taksi Turku\",\"publisher\":{\"@id\":\"https:\\\/\\\/taksimestari.fi\\\/rauma\\\/#organization\"},\"potentialAction\":[{\"@type\":\"SearchAction\",\"target\":{\"@type\":\"EntryPoint\",\"urlTemplate\":\"https:\\\/\\\/taksimestari.fi\\\/rauma\\\/?s={search_term_string}\"},\"query-input\":{\"@type\":\"PropertyValueSpecification\",\"valueRequired\":true,\"valueName\":\"search_term_string\"}}],\"inLanguage\":\"fi\"},{\"@type\":\"Organization\",\"@id\":\"https:\\\/\\\/taksimestari.fi\\\/rauma\\\/#organization\",\"name\":\"Taksi Rauma\",\"url\":\"https:\\\/\\\/taksimestari.fi\\\/rauma\\\/\",\"logo\":{\"@type\":\"ImageObject\",\"inLanguage\":\"fi\",\"@id\":\"https:\\\/\\\/taksimestari.fi\\\/rauma\\\/#\\\/schema\\\/logo\\\/image\\\/\",\"url\":\"https:\\\/\\\/taksimestari.fi\\\/rauma\\\/wp-content\\\/uploads\\\/sites\\\/3\\\/2021\\\/02\\\/taksimestari_logo_500-2.png\",\"contentUrl\":\"https:\\\/\\\/taksimestari.fi\\\/rauma\\\/wp-content\\\/uploads\\\/sites\\\/3\\\/2021\\\/02\\\/taksimestari_logo_500-2.png\",\"width\":500,\"height\":383,\"caption\":\"Taksi Rauma\"},\"image\":{\"@id\":\"https:\\\/\\\/taksimestari.fi\\\/rauma\\\/#\\\/schema\\\/logo\\\/image\\\/\"}}]}<\/script>\n<!-- \/ Yoast SEO plugin. -->","yoast_head_json":{"title":"Taksihinnasto ja hintalaskuri - Taksimestari Rauma","description":"Taksimestarin hintalaskurilla lasket helposti, paljonko taksimatka maksaa. Tutustu hintoihin ja laske hinta-arvio sivuillamme!","robots":{"index":"index","follow":"follow","max-snippet":"max-snippet:-1","max-image-preview":"max-image-preview:large","max-video-preview":"max-video-preview:-1"},"canonical":"https:\/\/taksimestari.fi\/rauma\/hinnasto","og_locale":"fi_FI","og_type":"article","og_title":"Taksihinnasto ja hintalaskuri - Taksimestari Rauma","og_description":"Taksimestarin hintalaskurilla lasket helposti, paljonko taksimatka maksaa. Tutustu hintoihin ja laske hinta-arvio sivuillamme!","og_url":"https:\/\/taksimestari.fi\/rauma\/hinnasto","og_site_name":"Taksi Rauma","article_modified_time":"2022-06-22T18:01:01+00:00","twitter_card":"summary_large_image","twitter_misc":{"Arvioitu lukuaika":"2 minuuttia"},"schema":{"@context":"https:\/\/schema.org","@graph":[{"@type":"WebPage","@id":"https:\/\/taksimestari.fi\/rauma\/hinnasto","url":"https:\/\/taksimestari.fi\/rauma\/hinnasto","name":"Taksihinnasto ja hintalaskuri - Taksimestari Rauma","isPartOf":{"@id":"https:\/\/taksimestari.fi\/rauma\/#website"},"datePublished":"2021-02-15T14:39:50+00:00","dateModified":"2022-06-22T18:01:01+00:00","description":"Taksimestarin hintalaskurilla lasket helposti, paljonko taksimatka maksaa. Tutustu hintoihin ja laske hinta-arvio sivuillamme!","breadcrumb":{"@id":"https:\/\/taksimestari.fi\/rauma\/hinnasto#breadcrumb"},"inLanguage":"fi","potentialAction":[{"@type":"ReadAction","target":["https:\/\/taksimestari.fi\/rauma\/hinnasto"]}]},{"@type":"BreadcrumbList","@id":"https:\/\/taksimestari.fi\/rauma\/hinnasto#breadcrumb","itemListElement":[{"@type":"ListItem","position":1,"name":"Etusivu","item":"https:\/\/taksimestari.fi\/rauma\/"},{"@type":"ListItem","position":2,"name":"Hinnasto"}]},{"@type":"WebSite","@id":"https:\/\/taksimestari.fi\/rauma\/#website","url":"https:\/\/taksimestari.fi\/rauma\/","name":"Taksi Rauma - Taksimestari","description":"Taksi Rauma - Taksi Turku","publisher":{"@id":"https:\/\/taksimestari.fi\/rauma\/#organization"},"potentialAction":[{"@type":"SearchAction","target":{"@type":"EntryPoint","urlTemplate":"https:\/\/taksimestari.fi\/rauma\/?s={search_term_string}"},"query-input":{"@type":"PropertyValueSpecification","valueRequired":true,"valueName":"search_term_string"}}],"inLanguage":"fi"},{"@type":"Organization","@id":"https:\/\/taksimestari.fi\/rauma\/#organization","name":"Taksi Rauma","url":"https:\/\/taksimestari.fi\/rauma\/","logo":{"@type":"ImageObject","inLanguage":"fi","@id":"https:\/\/taksimestari.fi\/rauma\/#\/schema\/logo\/image\/","url":"https:\/\/taksimestari.fi\/rauma\/wp-content\/uploads\/sites\/3\/2021\/02\/taksimestari_logo_500-2.png","contentUrl":"https:\/\/taksimestari.fi\/rauma\/wp-content\/uploads\/sites\/3\/2021\/02\/taksimestari_logo_500-2.png","width":500,"height":383,"caption":"Taksi Rauma"},"image":{"@id":"https:\/\/taksimestari.fi\/rauma\/#\/schema\/logo\/image\/"}}]}},"_links":{"self":[{"href":"https:\/\/taksimestari.fi\/rauma\/wp-json\/wp\/v2\/pages\/324","targetHints":{"allow":["GET"]}}],"collection":[{"href":"https:\/\/taksimestari.fi\/rauma\/wp-json\/wp\/v2\/pages"}],"about":[{"href":"https:\/\/taksimestari.fi\/rauma\/wp-json\/wp\/v2\/types\/page"}],"author":[{"embeddable":true,"href":"https:\/\/taksimestari.fi\/rauma\/wp-json\/wp\/v2\/users\/1"}],"replies":[{"embeddable":true,"href":"https:\/\/taksimestari.fi\/rauma\/wp-json\/wp\/v2\/comments?post=324"}],"version-history":[{"count":42,"href":"https:\/\/taksimestari.fi\/rauma\/wp-json\/wp\/v2\/pages\/324\/revisions"}],"predecessor-version":[{"id":841,"href":"https:\/\/taksimestari.fi\/rauma\/wp-json\/wp\/v2\/pages\/324\/revisions\/841"}],"wp:attachment":[{"href":"https:\/\/taksimestari.fi\/rauma\/wp-json\/wp\/v2\/media?parent=324"}],"curies":[{"name":"wp","href":"https:\/\/api.w.org\/{rel}","templated":true}]}}